7?
True
Is 4297940 a multiple of 11?
False
Is 38232 a multiple of 216?
True
Does 9 divide 577803?
False
Does 81 divide 323136?
False
Does 7 divide 520526?
False
Does 61 divide 75518?
True
Does 35 divide 352157?
False
Does 124 divide 2722606?
False
Is 4752211 a multiple of 10?
False
Does 211 divide 1349556?
True
Is 4161090 a multiple of 30?
True
Is 20265720 a multiple of 60?
True
Does 19 divide 1669851?
False
Is 689 a factor of 873000?
False
Is 42805 even?
False
Is 10390 a multiple of 10?
True
Does 94 divide 211782?
True
Is 16281 a multiple of 10?
False
Is 12 a factor of 1106199?
False
Is 145 a factor of 156149?
False
Is 65188 a multiple of 204?
False
Is 18 a factor of 2554305?
False
Does 25 divide 1372350?
True
Is 558 a factor of 3885354?
True
Does 15 divide 1236513?
False
Is 4307238 a multiple of 78?
True
Is 678036 a multiple of 127?
False
Does 227 divide 101225?
False
Is 13 a factor of 101151?
False
Does 45 divide 168930?
True
Does 102 divide 517628?
False
Does 17 divide 38461?
False
Is 277 a factor of 4523401?
False
Does 193 divide 708889?
True
Is 19 a factor of 258799?
True
Does 82 divide 1073057?
False
Is 309550 a multiple of 142?
False
Is 7927809 a multiple of 843?
False
Is 3069920 a multiple of 7?
True
Is 156952 a multiple of 92?
True
Does 106 divide 3802517?
False
Does 536 divide 5348208?
True
Is 10 a factor of 4380090?
True
Is 2063065 a multiple of 117?
False
Is 623 a factor of 757568?
True
Is 653330 a multiple of 18?
False
Is 428288 a multiple of 478?
True
Is 3 a factor of 12508?
False
Does 2 divide 1360?
True
Is 12 a factor of 2003552?
False
Is 303624 a multiple of 24?
True
Is 33120 a multiple of 6?
True
Does 46 divide 129232?
False
Is 11 a factor of 92763?
True
Is 259732 a multiple of 11?
True
Does 8 divide 23821388?
False
Is 656 a factor of 3815618?
False
Is 254947 a multiple of 3?
False
Is 65 a factor of 148186?
False
Is 3 a factor of 40157?
False
Is 316 a factor of 9027397?
False
Does 17 divide 27183?
True
Is 1054202 a multiple of 10?
False
Is 59 a factor of 6838808?
True
Does 16 divide 44429?
False
Is 166465 a multiple of 115?
False
Does 51 divide 15861?
True
Does 402 divide 12357564?
False
Is 88 a factor of 1829690?
False
Is 1221263 a multiple of 219?
False
Is 5 a factor of 4885?
True
Is 14 a factor of 2926336?
True
Is 71234 a multiple of 348?
False
Is 674652 a multiple of 23?
False
Is 827 a factor of 6153401?
False
Does 198 divide 1619297?
False
Is 23 a factor of 1258424?
False
Is 95 a factor of 15636715?
True
Does 37 divide 43783?
False
Is 18468 a multiple of 486?
True
Is 550396 a multiple of 28?
True
Is 68445 a multiple of 13?
True
Does 2 divide 356764?
True
Is 41 a factor of 1280660?
False
Is 920 a factor of 9242963?
False
Is 3 a factor of 2134962?
True
Is 10 a factor of 5067237?
False
Is 138 a factor of 275172?
True
Is 14 a factor of 421501?
False
Is 5595993 a multiple of 474?
False
Does 55 divide 2226189?
False
Does 12 divide 2450004?
True
Is 268 a factor of 311684?
True
Is 25 a factor of 9224850?
True
Is 13 a factor of 49725?
True
Is 40 a factor of 53520?
True
Is 190 a factor of 154483?
False
Does 6 divide 519876?
True
Does 89 divide 1792084?
False
Is 3294762 a multiple of 449?
True
Is 45 a factor of 7474500?
True
Does 142 divide 647452?
False
Is 32 a factor of 354880?
True
Is 1161700 a multiple of 20?
True
Is 10952991 a multiple of 21?
True
Is 111037 a multiple of 86?
False
Does 243 divide 11776490?
False
Does 76 divide 746092?
True
Does 527 divide 1479644?
False
Does 73 divide 1312627?
False
Does 991 divide 5381497?
False
Does 163 divide 40567?
False
Does 6 divide 713480?
False
Is 4 a factor of 1522673?
False
Is 39 a factor of 18487319?
False
Does 29 divide 308995?
True
Is 1513548 a multiple of 95?
False
Is 53 a factor of 358174?
True
Does 11 divide 714450?
True
Is 7262886 a multiple of 249?
False
Is 13 a factor of 3193853?
True
Is 87152 a multiple of 13?
True
Does 101 divide 699324?
True
Is 7 a factor of 105289?
False
Does 54 divide 45414?
True
Is 8755425 a multiple of 25?
True
Is 950840 a multiple of 9?
False
Is 78 a factor of 794468?
False
Is 4 a factor of 102619?
False
Is 167 a factor of 4840970?
False
Is 1130121 a multiple of 72?
False
Is 390894 a multiple of 574?
True
Is 17321184 a multiple of 28?
False
Does 302 divide 10872?
True
Does 203 divide 1011625?
False
Is 236764 a multiple of 44?
True
Does 147 divide 49539?
True
Is 924 a factor of 4445364?
True
Is 9 a factor of 18163080?
True
Is 17 a factor of 79152?
True
Is 56 a factor of 27664?
True
Is 168 a factor of 61488?
True
Does 44 divide 209132?
True
Is 102241 a multiple of 45?
False
Is 94 a factor of 826166?
True
Is 54722 a multiple of 2?
True
Is 21 a factor of 3272955?
True
Does 10 divide 4337822?
False
Does 55 divide 5736751?
False
Is 570 a factor of 1060770?
True
Is 3 a factor of 355288?
False
Is 4309180 a multiple of 17?
False
Is 211 a factor of 718358?
False
Is 909680 a multiple of 20?
True
Is 277620 a multiple of 5?
True
Is 949170 a multiple of 10?
True
Is 22 a factor of 198213?
False
Does 6 divide 966335?
False
Is 80939 a multiple of 29?
True
Is 3 a factor of 72729?
True
Is 21 a factor of 225455?
False
Is 145 a factor of 32770?
True
Is 285230 a multiple of 534?
False
Is 523 a factor of 20662466?
False
Is 45 a factor of 2194355?
False
Is 506 a factor of 428259?
False
Is 67977 a multiple of 11?
False
Is 426612 a multiple of 3?
True
Is 455838 a multiple of 17?
True
Is 2499341 a multiple of 105?
False
Is 4256310 a multiple of 198?
False
Is 123 a factor of 5731090?
False
Is 12 a factor of 1560485?
False
Is 7944652 a multiple of 41?
True
Is 3 a factor of 15267?
True
Is 97920 a multiple of 60?
True
Is 7180713 a multiple of 1769?
False
Is 13 a factor of 221663?
True
Does 128 divide 5380608?
True
Is 40 a factor of 14837288?
False
Is 5 a factor of 3890995?
True
Does 33 divide 6359030?
False
Is 124320 a multiple of 28?
True
Is 273 a factor of 148785?
True
Is 1366113 a multiple of 25?
False
Is 1781871 a multiple of 107?
True
Is 7 a factor of 473725?
True
Is 71345 a multiple of 53?
False
Is 1581 a factor of 2613629?
False
Is 60881 a multiple of 23?
True
Is 247 a factor of 189202?
True
Is 663726 a multiple of 21?
True
Is 2 a factor of 44590?
True
Does 16 divide 101200?
True
Is 1102 a factor of 380431?
False
Is 13486193 a multiple of 911?
False
Is 110124 a multiple of 6?
True
Does 5 divide 287335?
True
Is 2158243 a multiple of 264?
False
Is 1049 a factor of 3395613?
True
Is 130 a factor of 1728125?
False
Is 88754 a multiple of 223?
True
Does 32 divide 111249?
False
Is 6280118 a multiple of 48?
False
Is 14 a factor of 290442?
False
Is 455504 a multiple of 83?
True
Is 25 a factor of 594425?
True
Is 781249 a multiple of 233?
True
Does 3 divide 187422?
True
Is 16323 a multiple of 4?
False
Is 34 a factor of 289782?
True
Is 8 a factor of 64472?
True
Does 1555 divide 287675?
True
Is 602 a factor of 2198504?
True
Does 12 divide 9744?
True
Is 1666 a factor of 3318672?
True
Does 70 divide 55230?
True
Does 11 divide 167451?
False
Does 46 divide 123785?
False
Is 705003 a multiple of 39?
True
Does 57 divide 105893?
False
Is 21188665 a multiple of 1213?
False
Is 117948 a multiple of 16?
False
Is 92846 a multiple of 52?
False
Does 337 divide 229412?
False
Is 224 a factor of 60963?
False
Is 323288 a multiple of 56?
True
Is 9 a factor of 332289?
True
Is 287825 a multiple of 88?
False
Is 4 a factor of 59795?
False
Does 63 divide 3402269?
False
Is 31 a factor of 393848?
False
Is 13 a factor of 349193?
True
Is 417 a factor of 2690675?
False
Is 19 a factor of 1719177?
True
Is 1049 a factor of 150829?
False
Is 1143 a factor of 2789847?
False
Is 2698828 a multiple of 332?
True
Is 9 a factor of 156375?
True
Is 393 a factor of 1873038?
True
Is 105 a factor of 326172?
False
Is 982830 a multiple of 6?
True
Is 1202 a factor of 9112771?
False
Does 33 divide 238656?
True
Is 79 a factor of 2318097?
True
Is 79900 a multiple of 28?
False
Is 3704628 a multiple of 278?
True
Is 7 a factor of 18990622?
True
Is 14 a factor of 61754?
True
Does 818 divide 16814808?
True
Is 170982 a multiple of 42?
True
Is 179 a factor of 619877?
True
Is 24 a factor of 39280?
False
Does 14 divide 3267039?
False
Is 2425 a multiple of 97?
True
Is 35 a factor of 1731878?
False
Is 52568 a multiple of 25?
False
Is 6198 even?